*y**2 - 4 + 3*y. Let o be c(3). Let w = o - 3. What is the highest common divisor of 6 and w?
2
Let r(g) = -g**2 - 11*g + 4. Let c be r(-5). Suppose -4*u = -42 - c. What is the greatest common factor of u and 171?
19
Let h = -70 + 106. Calculate the greatest common factor of 54 and h.
18
Let o(c) = c**2 + 4*c - 3*c**2 + 3*c**2 - 3. Let p be o(3). What is the greatest common factor of 27 and p?
9
Suppose -z - 11 = -3*t + 9, -4*z - 35 = -3*t. Let s = t - 1. Let v(r) = r**3 - r**2 - 4*r. Let b be v(4). What is the greatest common divisor of s and b?
4
Let l be (-3)/4*4*-3. Suppose -4*o + 152 = 2*s, 5*s - 350 = 8*o - 3*o. Calculate the greatest common factor of l and s.
9
Let h(z) = -z**2 + 20*z - 34. Let l be h(14). What is the highest common divisor of 10 and l?
10
Let d(s) = 17*s + 1. Let a(k) = -k. Let r(c) = 2*a(c) - d(c). Suppose -2*t = 3*t + 5. Let v be r(t). Calculate the greatest common factor of 27 and v.
9
Suppose -2*p + 22 = -2*k, -2*p - 2*k + 30 + 4 = 0. Suppose -v + p = 3*y, -3*v = 3*y - 7*v - 4. What is the greatest common divisor of y and 12?
4
Let j(v) = 4*v - 34. Let x be j(10). What is the highest common factor of x and 8?
2
Let c be ((-2)/2)/((-2)/8). Suppose -x - 2*f = -28, -x - c*x - 2*f = -172. Suppose -10*b + 11*b - 24 = 0. What is the highest common factor of b and x?
12
Let r be 55 - (-3)/6*0. Let s(i) = i**3 + 6*i**2 + 5*i - 1. Let z be 2/(-1 + (-1)/(-2)). Let g be s(z). What is the highest common factor of r and g?
11
Suppose -5*v = -347 + 32. Calculate the highest common factor of v and 7.
7
Suppose -h - 2*h + 39 = 0. Let j = -62 + 88. What is the greatest common factor of j and h?
13
Let s(r) = 5*r + 2. Let h(d) = 10*d + 4. Let l(v) = -6*h(v) + 10*s(v). Let p be l(-6). Calculate the greatest common divisor of 14 and p.
14
Let j = 4 - -21. What is the greatest common divisor of j and 10?
5
Suppose 3*q - q - 2 = 0. Let w be (-1)/(q - 14/13). Suppose 104 = -0*v + 2*v. What is the highest common divisor of v and w?
13
Let x(n) = n**2 - 5*n + 6. Let t be x(4). Let m be (7 + 3 + -2)/t. What is the greatest common divisor of m and 4?
4
Let v(h) = -h**2 - 2*h + 14. Let o be v(0). Suppose 0*d + 2*d = -n + 305, 5*n + 477 = 3*d. What is the highest common factor of o and d?
14
Let s = -6 - -10. Suppose 2*k - s - 2 = v, -k - 7 = 2*v. Let g be 1 + 0 - (-1)/1. Calculate the highest common divisor of k and g.
1
Let n = -197 + 225. Calculate the greatest common divisor of 196 and n.
28
Suppose -4*z + 6 = -2*s, -2*z = -0*s - 2*s + 2. Calculate the highest common factor of s and 40.
5
Let u(y) = y**3 - 6*y**2 - 9*y + 4. Let b = 5 + 3. Suppose -4*p - b*f + 3*f + 27 = 0, -f = 1. Let l be u(p). What is the greatest common divisor of l and 24?
12
Let d be (-3)/(-1)*(2 + 9). Calculate the highest common divisor of d and 11.
11
Let x(w) = 2*w**2 + 2*w + 2. Let n(h) = h**3 - 2*h**2 - 2*h - 1. Let s be n(-1). Let r be x(s). Calculate the greatest common divisor of r and 42.
6
Let q be 20/3*(-1 - 2). Let l = q - -30. Let d = 16 - -74. What is the greatest common factor of d and l?
10
Let j = -8 - -9. Suppose -3*w + 18 = -0*v + 3*v, 0 = -5*v + w + 36. What is the greatest common divisor of j and v?
1
Suppose -2*j + j + 294 = 0. Suppose 2*k - 5*k = -j. Let u(n) = 5*n - 6. Let s be u(4). Calculate the highest common divisor of k and s.
14
Let g(l) = -l + 2. Let s be g(0). Let n = 9 - s. Calculate the highest common factor of n and 77.
7
Suppose 3*m + v = -5, -2*m = -4*m + 4*v + 20. Suppose 4*c - 5*y - 150 = 0, 3*y - 4 - 2 = m. Calculate the highest common divisor of 16 and c.
8
Let c be 16 - (4/6 + (-16)/(-12)). What is the highest common divisor of 21 and c?
7
Let o = 25 - 25. Let a be (-1 - -20)/(1 + o). Calculate the highest common factor of a and 57.
19
Suppose -5*m - 15 = -t, 5*m - t + 20 = t. Let g = 2 + m. Suppose 4*f = 3*k - 15 + 64, g = 4*f + 2*k - 34. What is the highest common divisor of f and 4?
2
Let x be ((-70)/40)/((-2)/32). Calculate the highest common factor of 42 and x.
14
Let p(a) = -a**3 - 13*a**2 - 13*a - 11. Let j be p(-12). Calculate the greatest common divisor of j and 3.
1
Let j be (16/(-6))/(3/9). Let v = -6 - j. Suppose 2*a - 298 = 3*d, 3*a + 0*d = -v*d + 460. Calculate the greatest common factor of 19 and a.
19
Let h = 25 - 15. Suppose -2*k + h = -6. Calculate the highest common factor of k and 2.
2
Let s(r) = -r**2 - 9*r - 6. Let v be s(-4). Suppose -4*a - 3*c = -27, 2*a + 2*c + 0*c - v = 0. Calculate the highest common factor of a and 30.
6
Let l(b) = 15*b + 4. Let h be l(4). Let p(x) = -x + 2. Suppose 9 + 15 = -4*q. Let r be p(q). What is the greatest common factor of h and r?
8
Let t(g) = g**2 + 3*g. Let f be (-99)/(-15) - (-4)/10. Let q be t(f). What is the greatest common factor of q and 28?
14
Let i(d) = 40*d**2 + 2*d + 2. Let q be i(-1). What is the highest common factor of 10 and q?
10
Let c be 14/(-4)*(-9 - -5). What is the greatest common divisor of c and 21?
7
Let a be (-6)/(-4)*(-24)/(-9). Calculate the greatest common factor of 16 and a.
4
Let m(a) = a**3 + 2*a**2 + 1. Let k be m(-2). Calculate the highest common divisor of k and 7.
1
Let p = 11 - 5. Let v(n) = -n + 6. Let f be v(6). Suppose f = -3*q + 98 - 8. What is the highest common divisor of q and p?
6
Let s be 0 - -1 - 6/(-3). Suppose 3*t - 5*w = 284, t + s*w - 96 = 4*w. Calculate the greatest common factor of t and 14.
14
Let r(u) = u - 6. Let q be r(8). Let i = q + -2. Suppose -3*b + 75 + 15 = i. What is the greatest common divisor of b and 12?
6
Suppose -j + 37 = -3*z + 1, 3*j + 5*z - 52 = 0. What is the greatest common divisor of j and 120?
24
Let w be (640/112)/(2/7). Calculate the greatest common factor of w and 40.
20
Suppose 5*d = -0*d + 55. Suppose -c + 4*b = 1 - d, -5*c = -5*b - 80. Calculate the highest common divisor of c and 3.
3
Suppose -8 = 4*c, 5*t - 86 = 2*c + 98. What is the greatest common divisor of 60 and t?
12
Let r be ((-12)/(-5))/((-1)/(-5)). Suppose -h = -5*m - 3*h + 50, -4*h - r = -4*m. Suppose 4*s - 48 = -0*s. Calculate the greatest common factor of m and s.
4
Suppose -g - n + 8 = 0, 0*g + 5*g = 5*n. Suppose -3*w - 2*w + 220 = 0. What is the greatest common divisor of w and g?
4
Let m be ((-28)/6)/(4/(-66)). Suppose 20 = 4*x, x = -2*d + 10 + 9. Calculate the highest common factor of d and m.
7
Suppose 4*n + 2*h = -4 + 18, -3*h = -n + 21. Suppose n*t = t + 100. Calculate the highest common divisor of t and 5.
5
Let y(z) = z**2 + 9*z**2 - z + 4*z**2. Suppose t - 1 = 2*t. Let g be y(t). Calculate the greatest common divisor of g and 10.
5
Suppose 24 = 7*a - 3*a. Let z be (4/(-10))/((-2)/20). What is the highest common factor of a and z?
2
Let d be (-40)/(-7) + 6/21. Let b(l) = -l**3 - 8*l**2 - 3*l - 12. Let c be b(-8). What is the highest common factor of c and d?
6
Let v be 1 + (2 + 1)*1. Suppose -2*b + 3 = -d + v, 0 = 5*d + b - 16. Suppose 11 = d*t - 94. Calculate the greatest common divisor of t and 14.
7
Let p = -3 - 3. Let b be 0 - p/(-2) - -63. What is the highest common divisor of 15 and b?
15
Suppose -5*s = -2*q - 16, 2 = -q + 5*s - 4*s. Suppose 0*g - q*g + 10 = 0. Suppose 0 = g*x + 139 - 489. What is the highest common divisor of x and 10?
10
Suppose 0 = -f - 0 - 4, 5*j + f = -159. Let r(m) = 3*m + 58. Let s be r(0). Let o = j + s. What is the greatest common divisor of o and 9?
9
Suppose 4*q - 9*q = -20. Let m be q/(-20) + (-341)/(-5). What is the highest common factor of m and 17?
17
Let o be 3*15*(-5 + (-50)/(-6)). Calculate the greatest common factor of 60 and o.
30
Let b(p) = 2*p**3 + 12*p**2 - p + 4. Let w be b(-6). What is the highest common divisor of 130 and w?
10
Suppose -15*g = -11*g + 20. Let d(i) = -i**3 - 4*i**2 + i - 2. Let n be d(g). Calculate the highest common divisor of n and 2.
2
Let i be -6 + (14 - (1 + -3)). Suppose -4*u = -8*u + 24. Let j = 11 - u. What is the greatest common factor of j and i?
5
Let i = -15 + 21. Let b be (-4)/i + 66/18. What is the greatest common factor of b and 1?
1
Let r(m) = -4*m. Let d be r(-6). What is the greatest common factor of 60 and d?
12
Let h = 17 + -12. Suppose -h*a = -4*a - 42. What is the highest common divisor of 21 and a?
21
Let m be 1/(-6) - 218/(-12). Suppose 0 = 2*z - 12 - m. Calculate the greatest common divisor of z and 75.
15
Let q be 4/4 + 0 + 0